{"id":77,"date":"2024-02-17T11:22:21","date_gmt":"2024-02-17T10:22:21","guid":{"rendered":"https:\/\/www.steffy.at\/?page_id=77"},"modified":"2025-09-02T22:06:23","modified_gmt":"2025-09-02T20:06:23","slug":"couchgespraeche","status":"publish","type":"page","link":"https:\/\/www.steffy.at\/index.php\/couchgespraeche\/","title":{"rendered":"Couchgespr\u00e4che"},"content":{"rendered":"\n<p>Einzelberatung \u00e1 50 Minuten zu 100\u20ac<\/p>\n\n\n\n<p>Elternberatung (als Paar) \u00e1 90 Minuten zu 155\u20ac<\/p>\n\n\n\n<p>Couchgespr\u00e4che vor Ort, per Video, Signal oder WhatsApp m\u00f6glich<\/p>\n\n\n\n<p><\/p>\n\n\n\n<p><\/p>\n\n\n\n<p><br><\/p>\n\n\n\n<p>Gespr\u00e4chskreis am Abend <br>f\u00fcr Erwachsene ohne Kinder, Termine einzeln buchbar<br>Anmeldung unter <a href=\"https:\/\/spielringel.at\/\">https:\/\/spielringel.at\/<\/a><br><\/p>\n\n\n\n<p><\/p>\n\n\n\n<p><br><\/p>\n\n\n\n<p><\/p>\n\n\n\n<p><\/p>\n\n\n\n<figure class=\"wp-block-image size-large\"><img loading=\"lazy\" decoding=\"async\" width=\"1024\" height=\"683\" src=\"https:\/\/www.steffy.at\/wp-content\/uploads\/2024\/04\/steffy_borgwardt\u00a9susanne_auer-web-5022bearb-1-1024x683.jpg\" alt=\"\" class=\"wp-image-542\" srcset=\"https:\/\/www.steffy.at\/wp-content\/uploads\/2024\/04\/steffy_borgwardt\u00a9susanne_auer-web-5022bearb-1-1024x683.jpg 1024w, https:\/\/www.steffy.at\/wp-content\/uploads\/2024\/04\/steffy_borgwardt\u00a9susanne_auer-web-5022bearb-1-300x200.jpg 300w, https:\/\/www.steffy.at\/wp-content\/uploads\/2024\/04\/steffy_borgwardt\u00a9susanne_auer-web-5022bearb-1-768x512.jpg 768w, https:\/\/www.steffy.at\/wp-content\/uploads\/2024\/04\/steffy_borgwardt\u00a9susanne_auer-web-5022bearb-1-1536x1024.jpg 1536w, https:\/\/www.steffy.at\/wp-content\/uploads\/2024\/04\/steffy_borgwardt\u00a9susanne_auer-web-5022bearb-1-2048x1365.jpg 2048w\" sizes=\"auto, (max-width: 767px) 89vw, (max-width: 1000px) 54vw, (max-width: 1071px) 543px, 580px\" \/><\/figure>\n","protected":false},"excerpt":{"rendered":"<p>Einzelberatung \u00e1 50 Minuten zu 100\u20ac Elternberatung (als Paar) \u00e1 90 Minuten zu 155\u20ac Couchgespr\u00e4che vor Ort, per Video, Signal oder WhatsApp m\u00f6glich Gespr\u00e4chskreis am Abend f\u00fcr Erwachsene ohne Kinder, Termine einzeln buchbarAnmeldung unter https:\/\/spielringel.at\/<\/p>\n","protected":false},"author":2,"featured_media":164,"parent":0,"menu_order":0,"comment_status":"closed","ping_status":"closed","template":"","meta":{"footnotes":""},"class_list":["post-77","page","type-page","status-publish","has-post-thumbnail","hentry"],"_links":{"self":[{"href":"https:\/\/www.steffy.at\/index.php\/wp-json\/wp\/v2\/pages\/77","targetHints":{"allow":["GET"]}}],"collection":[{"href":"https:\/\/www.steffy.at\/index.php\/wp-json\/wp\/v2\/pages"}],"about":[{"href":"https:\/\/www.steffy.at\/index.php\/wp-json\/wp\/v2\/types\/page"}],"author":[{"embeddable":true,"href":"https:\/\/www.steffy.at\/index.php\/wp-json\/wp\/v2\/users\/2"}],"replies":[{"embeddable":true,"href":"https:\/\/www.steffy.at\/index.php\/wp-json\/wp\/v2\/comments?post=77"}],"version-history":[{"count":22,"href":"https:\/\/www.steffy.at\/index.php\/wp-json\/wp\/v2\/pages\/77\/revisions"}],"predecessor-version":[{"id":924,"href":"https:\/\/www.steffy.at\/index.php\/wp-json\/wp\/v2\/pages\/77\/revisions\/924"}],"wp:featuredmedia":[{"embeddable":true,"href":"https:\/\/www.steffy.at\/index.php\/wp-json\/wp\/v2\/media\/164"}],"wp:attachment":[{"href":"https:\/\/www.steffy.at\/index.php\/wp-json\/wp\/v2\/media?parent=77"}],"curies":[{"name":"wp","href":"https:\/\/api.w.org\/{rel}","templated":true}]}}