{"id":68,"date":"2024-02-17T11:27:50","date_gmt":"2024-02-17T10:27:50","guid":{"rendered":"https:\/\/www.steffy.at\/?page_id=68"},"modified":"2024-12-18T19:14:11","modified_gmt":"2024-12-18T18:14:11","slug":"steffy","status":"publish","type":"page","link":"https:\/\/www.steffy.at\/","title":{"rendered":"Steffy"},"content":{"rendered":"\n<p>Das bin ich, Mutter von f\u00fcnf zauberhaften Kindern zwischen 3 und 20 Jahren. Ein sehr fr\u00f6hlicher, positiver und mitrei\u00dfender Mensch. Ich glaube immer an das Gute, und habe f\u00fcr mich entdeckt das Leben in vollen Z\u00fcgen zu genie\u00dfen.<\/p>\n\n\n\n<p>Da ich aus eigener Erfahrung wei\u00df, dass das Leben immer wieder gro\u00dfe Ver\u00e4nderungen bringt und wir uns st\u00e4ndig vielen neuen Herausforderungen stellen d\u00fcrfen, biete ich Dir meine Hilfe an, aus festgefahrenen Situationen auszusteigen, um Dir dein (Familien)Leben zu bereichern.<\/p>\n\n\n\n<p>Hier schreibe ich \u00fcber Impulse f\u00fcr einen stressfreien Morgen mit Kindern.<\/p>\n\n\n\n<p><a href=\"https:\/\/www.babymamas.at\/index.php\/gesund-und-ernaehrung\/1572-so-gelingt-ein-stressfreier-morgen-mit-baby-und-kleinkind\">https:\/\/www.babymamas.at\/index.php\/gesund-und-ernaehrung\/1572-so-gelingt-ein-stressfreier-morgen-mit-baby-und-kleinkind<\/a><\/p>\n\n\n\n<figure class=\"wp-block-image size-large\"><img loading=\"lazy\" decoding=\"async\" width=\"1024\" height=\"683\" src=\"https:\/\/www.steffy.at\/wp-content\/uploads\/2024\/04\/steffy_borgwardt\u00a9susanne_auer-web-24-1024x683.jpg\" alt=\"\" class=\"wp-image-473\" srcset=\"https:\/\/www.steffy.at\/wp-content\/uploads\/2024\/04\/steffy_borgwardt\u00a9susanne_auer-web-24-1024x683.jpg 1024w, https:\/\/www.steffy.at\/wp-content\/uploads\/2024\/04\/steffy_borgwardt\u00a9susanne_auer-web-24-300x200.jpg 300w, https:\/\/www.steffy.at\/wp-content\/uploads\/2024\/04\/steffy_borgwardt\u00a9susanne_auer-web-24-768x512.jpg 768w, https:\/\/www.steffy.at\/wp-content\/uploads\/2024\/04\/steffy_borgwardt\u00a9susanne_auer-web-24-1536x1024.jpg 1536w, https:\/\/www.steffy.at\/wp-content\/uploads\/2024\/04\/steffy_borgwardt\u00a9susanne_auer-web-24-2048x1365.jpg 2048w\" sizes=\"auto, (max-width: 767px) 89vw, (max-width: 1000px) 54vw, (max-width: 1071px) 543px, 580px\" \/><\/figure>\n","protected":false},"excerpt":{"rendered":"<p>Das bin ich, Mutter von f\u00fcnf zauberhaften Kindern zwischen 3 und 20 Jahren. Ein sehr fr\u00f6hlicher, positiver und mitrei\u00dfender Mensch. Ich glaube immer an das Gute, und habe f\u00fcr mich entdeckt das Leben in vollen Z\u00fcgen zu genie\u00dfen. Da ich aus eigener Erfahrung wei\u00df, dass das Leben immer wieder gro\u00dfe Ver\u00e4nderungen bringt und wir uns &hellip; <\/p>\n<p class=\"link-more\"><a href=\"https:\/\/www.steffy.at\/\" class=\"more-link\">Continue reading<span class=\"screen-reader-text\"> &#8222;Steffy&#8220;<\/span><\/a><\/p>\n","protected":false},"author":2,"featured_media":0,"parent":0,"menu_order":0,"comment_status":"closed","ping_status":"closed","template":"","meta":{"footnotes":""},"class_list":["post-68","page","type-page","status-publish","hentry"],"_links":{"self":[{"href":"https:\/\/www.steffy.at\/index.php\/wp-json\/wp\/v2\/pages\/68","targetHints":{"allow":["GET"]}}],"collection":[{"href":"https:\/\/www.steffy.at\/index.php\/wp-json\/wp\/v2\/pages"}],"about":[{"href":"https:\/\/www.steffy.at\/index.php\/wp-json\/wp\/v2\/types\/page"}],"author":[{"embeddable":true,"href":"https:\/\/www.steffy.at\/index.php\/wp-json\/wp\/v2\/users\/2"}],"replies":[{"embeddable":true,"href":"https:\/\/www.steffy.at\/index.php\/wp-json\/wp\/v2\/comments?post=68"}],"version-history":[{"count":13,"href":"https:\/\/www.steffy.at\/index.php\/wp-json\/wp\/v2\/pages\/68\/revisions"}],"predecessor-version":[{"id":793,"href":"https:\/\/www.steffy.at\/index.php\/wp-json\/wp\/v2\/pages\/68\/revisions\/793"}],"wp:attachment":[{"href":"https:\/\/www.steffy.at\/index.php\/wp-json\/wp\/v2\/media?parent=68"}],"curies":[{"name":"wp","href":"https:\/\/api.w.org\/{rel}","templated":true}]}}